o - a, 0 = -2*o + a + 4*a - w. Calculate the greatest common factor of o and 2.
1
Let l(a) = 2*a**2 - 5*a - 6. Let g be l(-2). Suppose 0*r + 3*r - 36 = 0. What is the highest common divisor of g and r?
12
Suppose 2*v + 5*m = 25 + 5, 3*v = m + 62. Calculate the highest common divisor of v and 220.
20
Let b(g) = 3*g**2 - 4*g**2 + 4*g - 5 - 11*g. Let d be b(-4). What is the highest common factor of d and 21?
7
Let q(m) = 3*m**2 + 4*m - 13. Let o be q(3). Calculate the highest common divisor of 65 and o.
13
Let y be (-1)/((-2)/84*1). Let a = 5 - 3. Suppose 3*t = 4*j + 92, a*t + 120 = 6*t - 4*j. Calculate the greatest common factor of t and y.
14
Suppose -z - 217 = -2*z. Calculate the highest common factor of z and 31.
31
Let h = -4 - -20. Suppose -3 = -d + 1. What is the greatest common factor of h and d?
4
Let d be 0 + 39/1 + -4. Suppose 0 = 4*o - 5*z - 61, 2*o + 2*z - 54 = -2*o. Calculate the greatest common divisor of o and d.
7
Let q(f) = -f**3 - 5*f**2 + 4*f + 11. Let n be q(-5). Let z be (0 + 3/n)*-42. What is the highest common factor of z and 140?
14
Suppose 0 = -3*y + g + 49 + 54, 5*g = -3*y + 133. Calculate the greatest common divisor of 12 and y.
12
Suppose 155 = 31*d - 217. Let h = -8 - -20. What is the greatest common divisor of h and d?
12
Suppose u + 12 = 2*u. What is the greatest common divisor of u and 84?
12
Let g(x) = -x + 4. Let m be g(0). Suppose -5*i - m - 5 = 3*l, 3 = -i. Suppose 0*o + 48 = l*o. Calculate the highest common divisor of o and 12.
12
Suppose x - 3*x = 0. Suppose 15 = 5*q - x. Let y = -23 + 53. Calculate the greatest common divisor of y and q.
3
Let b be 33*(-5)/(30/(-4)). What is the greatest common divisor of 66 and b?
22
Let i be 7*2 + -3 + 1. Suppose 3*x = x + i. Calculate the greatest common divisor of x and 30.
6
Let o be 3/(-2)*96/18. Let g be ((-3)/((-6)/o))/(-2). Suppose 4*c = -2 - g, 0 = -5*d + 4*c + 29. What is the highest common divisor of 20 and d?
5
Suppose -3*r = -7*r + 5*s + 53, s = r - 12. Suppose 0 = -2*h + 4*h + 130. Let o be 0 - (-2)/(-1) - h. Calculate the greatest common divisor of r and o.
7
Let a be (-1 + 2)/(2/4). Suppose 0 = a*c - 0 + 12. Let j(h) = h**3 + 6*h**2 - 5*h. Let k be j(c). What is the greatest common factor of 6 and k?
6
Let o(t) = t**2 - 2*t - 3. Let j be o(-2). What is the greatest common factor of j and 45?
5
Suppose 2*f - 3*f + 220 = 0. Suppose 6*a = 2*a + 80. Calculate the highest common factor of a and f.
20
Suppose -4*k = 5*m - 72, -5*k = -m - 2 - 1. Calculate the highest common factor of m and 96.
12
Suppose -s - 2*b + 1 + 115 = 0, 2*s = -5*b + 236. Calculate the greatest common factor of s and 4.
4
Let i be (12/5)/((-2)/(-15)). Let y = i + -5. Let r be (-4)/(-10) + 323/5. Calculate the highest common divisor of r and y.
13
Let q = 13 + 115. Calculate the highest common factor of q and 16.
16
Let d = -60 + 114. What is the highest common factor of d and 6?
6
Let v(n) = 11*n**2 - n. Let x be v(1). Calculate the highest common divisor of 2 and x.
2
Let x(t) = 6*t**3 - t**2 - t - 1. Let s be x(3). Suppose 4*b - 163 = -g, -5*b = -5*g - s + 839. Calculate the greatest common factor of g and 13.
13
Let q(u) = -u**3 + 6*u**2 + 5. Let t be q(6). Suppose 2*m + a = 156 + 154, 2*m - t*a = 286. Let s = 393 + -376. Calculate the highest common factor of s and m.
17
Let k(n) = -17*n**2 + 13*n + 1. Let r(o) = 4*o**2 - 3*o. Let w(c) = 4*k(c) + 18*r(c). Let d be w(4). Calculate the greatest common divisor of d and 15.
15
Suppose 0 = 11*a + 174 - 515. What is the greatest common divisor of a and 155?
31
Suppose 0 = -2*f - f + 21. Suppose 4*u + 202 = 6*u. Suppose -88 = -3*r + u. Calculate the greatest common factor of r and f.
7
Suppose 0 = 3*r - 2*r - 3. Let w be r/12 + 62/8. Suppose 2*g - 3 + 1 = x, x - 4*g = -w. Calculate the highest common factor of x and 44.
4
Let y = 28 + 166. Let z = y + -110. Let f be (-4)/18 - 110/(-9). What is the highest common factor of f and z?
12
Suppose 3*x - 14 = -2*b - 0*b, 5*b - 26 = -3*x. What is the highest common divisor of x and 4?
2
Let w be (-2 + 3)*(29 + 2). Suppose -2*o = w - 7. Let a be 3/o - (-105)/4. What is the greatest common factor of a and 65?
13
Suppose -6*p = -4*p - 36. Let d(m) = 7*m**2 + 4*m - 2. Let g be d(4). Calculate the highest common divisor of p and g.
18
Let a = 1 + -1. Suppose a = q - 8 - 10. Suppose -2*z = -4*z + q. Calculate the highest common divisor of z and 72.
9
Let s = -109 - -76. Let x be (-78)/4*242/s. Let m(w) = -2*w + 3. Let l be m(-5). What is the greatest common divisor of x and l?
13
Suppose 7*c = 10*c - 297. Calculate the highest common divisor of 66 and c.
33
Suppose -4*d - 2*y = y, -d - 4*y - 13 = 0. Let a be 1/3*(4 + 14). What is the highest common factor of d and a?
3
Suppose 5*o + n = 14, n - 4 = -2*o - n. Calculate the greatest common divisor of o and 12.
3
Let h = 4 + 6. Suppose -2*i + 2*g = -14, 0 = 4*i - 3*g - 13 - h. Suppose -4 = i*d - 0, -104 = -5*k - 3*d. What is the greatest common divisor of 55 and k?
11
Let r(g) = 2*g**2 - 3*g - 3. Let j be r(5). What is the highest common factor of j and 224?
32
Let w(c) = 14*c**2 + c + 1. Let h be w(2). Let o(n) = 2*n**3 + 4*n**2 - 4*n + 2. Let y be o(2). Let k = y + h. What is the greatest common divisor of 34 and k?
17
Let r(n) = -n - n + 0*n. Let c be r(-2). Suppose 0 = -3*o - c*d + 38, -29 - 23 = -2*o + 4*d. What is the greatest common divisor of o and 18?
18
Let a(s) = -4*s + 2. Let i be a(-2). Suppose 3*u = -2*x - 2, 6*u - 2*u = -x - 11. What is the highest common divisor of x and i?
5
Let z = -18 - -40. What is the highest common divisor of z and 22?
22
Let o(q) = -q + 8. Let p be o(6). Suppose 3*z = p*h + 5, -3*z + z = -3*h. Suppose -z = s - 14. What is the greatest common divisor of s and 11?
11
Suppose -3*j + 2*t - 170 = 1413, -5*j = 2*t + 2649. Let o = -342 - j. Calculate the highest common divisor of o and 17.
17
Let f = 19 - 28. Let w(t) = t**2 + 8*t. Let o be w(f). What is the highest common factor of o and 72?
9
Let g = 15 + -8. What is the highest common divisor of 63 and g?
7
Suppose 0 = -f + 7 + 8. What is the highest common factor of 60 and f?
15
Suppose -12*k = -15*k + 18. Calculate the greatest common factor of k and 15.
3
Suppose 4*d = -4 + 40. Suppose 3*q + g = 2*q + 9, -2*q + 18 = 5*g. Calculate the greatest common divisor of q and d.
9
Let r be (-3)/((-6)/10)*2. Suppose -2*h - 3*h + r = 0. Calculate the highest common factor of h and 22.
2
Let l be (3*-3 + 0)*-2. Suppose 2*r - 5 = -1. What is the highest common factor of r and l?
2
Let o be (-13)/(-2) - (-3)/(-6). Let s = -43 + 93. Let h be s/8 - (-1)/(-4). Calculate the highest common factor of o and h.
6
Suppose 5*s + 39 - 354 = 0. Calculate the highest common factor of s and 7.
7
Let v be -2 - (2*-1 - 1). Let w(k) = -2*k + 1. Let y(g) = g. Let d(s) = -w(s) - y(s). Let r be d(6). Calculate the greatest common factor of r and v.
1
Let f be (1 - 0)/(2/6). Suppose -3*j - 15 = -4*u, -4*u - 4*j = -11 + 3. Let l be u/f + (10 - 1). Calculate the highest common factor of l and 10.
10
Suppose -4*h + q = -97, 3*q - 13 = -h + 7*q. Suppose 9 = g - h. What is the greatest common factor of g and 51?
17
Suppose -4*q = 4*x + 4, 3*q = -4*x - 4 - 4. Suppose q*s - 18 = s. Calculate the highest common divisor of 9 and s.
3
Let a = -60 + 102. Let v = -10 - -19. Let b be (-8)/(v/(-7) - -1). Calculate the highest common factor of b and a.
14
Let l be (-2)/8 + (-185)/(-20). Suppose -7 - l = -j. Let t be ((-132)/(-2))/(6/16). Calculate the greatest common divisor of t and j.
16
Let l(j) = 17*j + 3. Let m(a) = -2 + 8 + 0 + 34*a. Let z(n) = 7*l(n) - 4*m(n). Let b be z(-3). Calculate the highest common factor of b and 6.
6
Let z(g) = 6*g - 1. Let f be z(1). Suppose f*j = 2*j + 6. Suppose 0 = 5*b + 3*o - 72, -b + 6*o - j*o - 4 = 0. Calculate the greatest common factor of b and 8.
4
Let w = -2 - -10. Let q(d) = -d**2 + 7*d - 1. Let z be q(6). Let p(l) = -l + 6. Let x be p(z). What is the greatest common factor of x and w?
1
Let j = -374 - -597. Let d = -146 + j. What is the greatest common factor of 7 and d?
7
Let n be (7 + -10)*2*1. Let u be (-3 - 3)*4/n. Suppose -65 = -u*f - f. What is the greatest common factor of 104 and f?
13
Suppose -41*i = -36*i - 20. Calculate the highest common divisor of 52 and i.